pose -5*u = -5*i - t, -u - 2*u + 29 = 5*i. What is the units digit of u?
8
Let q = 10 + -6. Suppose -z + 4*r - q - 4 = 0, 4*r - 20 = 4*z. What is the units digit of ((-2)/(-1))/(6 + z)?
1
Let k(c) = -c**2 - 8*c - 9. Let n be k(-6). Suppose 0*a = -a - n. Let v = a + 9. What is the units digit of v?
6
Let k = -446 - -2126. What is the tens digit of k?
8
Let h be 8416/80 - 2/(11 - 1). What is the units digit of (-8)/(-10)*h/2?
2
Suppose -25 = 5*g, 7*g + 3276 = 3*a + 4*g. What is the units digit of a?
7
Let u be -4 - (-4 - 2) - -8. Suppose 2*d - 92 = -u. What is the tens digit of d?
4
What is the hundreds digit of 90*24/20 - (-6 + 2)?
1
Let s(u) = 34*u - 5. Let w be s(2). Suppose 0 = 4*o - w - 105. What is the tens digit of o?
4
Let c = -116 + 122. What is the units digit of 138*((-27)/c)/(-9)?
9
Let h(u) = -u**2 - 17*u - 12. Let x be h(-8). Let w = -51 + 138. Let c = w - x. What is the units digit of c?
7
Let x(k) = 3*k**2 - 12*k + 3. Let t be x(8). Suppose 3*p = 5*f - 33 + t, 4*f - 66 = -3*p. Suppose -2 = 4*d - p. What is the units digit of d?
5
Let a = 1161 - 327. What is the units digit of a?
4
Suppose 5*p - 7*p + 2610 = 0. What is the thousands digit of p?
1
Suppose -7*p + 4055 = -2*p + n, 2*n + 10 = 0. What is the units digit of p?
2
Let t(p) = 2*p - 3. Let o be t(6). Suppose -m - 4 = -4*n + 32, -3*m = n - o. Suppose 3*l - 49 = -u + 22, -l - 4*u = -n. What is the tens digit of l?
2
Suppose 5*t - 2*t + 73 = 5*a, -4*t - 92 = -4*a. Let l = 21 + t. Suppose 4*r - 194 + 14 = l. What is the tens digit of r?
4
What is the units digit of 2169/(-6)*(-7)/((-105)/(-10))?
1
Let g(q) = 242*q**2 + 2*q + 1. What is the units digit of g(-1)?
1
Suppose 4*d = -4*l + 232, 2*d + 34 + 36 = l. What is the units digit of (2 - (6 + -3)) + l?
1
Let h(b) = 13*b - 11. Let g be h(-8). Let t = g + 175. What is the tens digit of t?
6
Let b = 668 - 367. Let x = b + -214. What is the units digit of x?
7
Suppose 5*m = -3*a + 29, 0 = -4*a + a - 2*m + 17. Suppose 130 + 350 = 2*r - 4*t, a*t - 1265 = -5*r. What is the tens digit of r?
5
What is the tens digit of (-6 - 13938/(-48)) + 6/(-16)?
8
Let q = 42 - -11. Suppose 0 = 8*s - 621 + q. What is the tens digit of s?
7
Let n be (-3 - 0 - (-28)/14)*1. What is the hundreds digit of -40*7/(-2) - (n - -1)?
1
Let c = -21 + 12. Let r = c + 21. What is the tens digit of r?
1
Suppose 4*f + 3*n - 441 = 0, 4*f - 5*n = 236 + 245. What is the hundreds digit of f?
1
Suppose 0 = 5*n - 295 - 150. Let w = n + -53. What is the units digit of w?
6
What is the tens digit of 335 - (34/(-187))/(2/(-22))?
3
Suppose 41*p - 39*p + 12 = 0. What is the tens digit of (p/4)/(15/(-570))?
5
Suppose -2*d + 4 = 3*o, -2*d - 10 = -3*o - o. Suppose 3*x - x + 8 = 0, -o*r = -5*x - 34. What is the units digit of r?
7
Let l(s) = s**2 - 4*s + 2. Let p be l(8). Let g = p + 24. What is the units digit of g?
8
Suppose 6*t - 920 = 820. What is the hundreds digit of t?
2
Let z(h) = h**3 - 7*h**2 + 6*h + 6. Let f be z(6). Suppose -16 = f*w - 2*w. What is the units digit of w/22 - 92/(-22)?
4
Let n(w) = 2*w**2 + 0*w - 2*w - 4 - 9*w. Let g be n(8). Suppose -4*b - p + 234 = 0, 3*b - 128 - g = 5*p. What is the units digit of b?
8
Let p = 1 + 2. Suppose -u + 18 = 5*b - 5*u, u - 4 = -p*b. What is the units digit of 4*3/b - -1?
7
Suppose 30 = -3*w + 6. Let h(x) = x**2 + 6*x + 4. What is the tens digit of h(w)?
2
Let w(x) = x**3 + 14*x**2 + 24*x - 12. Let n be ((-2)/(-4) - (-2)/4) + -12. What is the units digit of w(n)?
7
Let w(j) = 45*j**2 + 4*j - 3. Suppose -28 = 14*y - 0. What is the tens digit of w(y)?
6
Let q(t) = t**2 - 11. Let b be (12/(-21))/((-4)/28). What is the units digit of q(b)?
5
Let m = 4336 + -3075. What is the units digit of m?
1
Let d(f) = f**3 + 11*f**2 + 10*f + 17. Let v be d(-11). Let u = 166 + v. What is the units digit of u?
3
Let j = -7 - -10. Suppose j*k - 5*k + 88 = 0. Suppose 37 = 3*c - k. What is the units digit of c?
7
Let r(s) = s + 4. Let l be r(-2). Suppose m + m + 5*w - 74 = 0, 0 = l*m + 2*w - 74. What is the tens digit of m?
3
Let k(q) = q**2 + 3*q + 5. Let g be k(-2). Suppose 66 = -5*y + 3*x + 290, 0 = 4*y + 4*x - 192. Suppose g*a - y - 5 = 0. What is the units digit of a?
7
Suppose -r - 9 = 5*i, 2*r + 4*i = -3*r + 39. Suppose r*x = 8*x + 447. What is the hundreds digit of x?
1
Let r = 194 - 116. Suppose -r = -d + c, 4*d + 0*c - 312 = 3*c. What is the units digit of d?
8
Suppose 1050 = 5*u + 5*u. Suppose -2*f + u = 3*f. What is the tens digit of f?
2
Let o be (-60)/(-14) + 2/(-7). Suppose 0*c + o = c. Suppose -c*s + 35 = v, 5*v - 4*s - 103 = -0*s. What is the tens digit of v?
2
Suppose -4*s + s + 237 = 0. Let c = 408 - 295. Suppose s + c = 6*o. What is the tens digit of o?
3
Suppose 2*s - 108 = -0*s. Suppose 2*u + 3*u = -2*x + s, -16 = 4*u. What is the tens digit of x?
3
Suppose 3*u = 3*l - 261, -5*l - 2*u + 106 + 350 = 0. What is the units digit of l?
0
Let z be (0 - 42)/((88/(-24))/11). Suppose -z*v = -130*v + 276. What is the tens digit of v?
6
Suppose 2*k - 8 = 12. Suppose -k = -2*f - 0. Suppose 3*a - 64 = f. What is the units digit of a?
3
Let j(h) = 14*h**3 - 3*h**2 + 7*h - 4. What is the hundreds digit of j(3)?
3
Let b = -21 - -22. What is the tens digit of 207/(-36)*(-9 + b)?
4
What is the hundreds digit of 4 - (-4)/((-16)/(-436))?
1
Suppose 0 = 2*t + 4*k - 208, 3*t = -2*t + 3*k + 494. Suppose -t - 65 = -5*d. What is the tens digit of d?
3
Suppose a = -6*a + 10360. What is the units digit of a?
0
Suppose -2 = -4*g + 6. Let j = 20 + -16. Suppose 42 + g = 4*z + 4*f, -j*f + 32 = 2*z. What is the units digit of z?
6
Suppose -4*h - p = -21, 2*h + 2*p + 7 = 5*p. Suppose 0 = -5*w, -3*w = h*m + w - 196. What is the tens digit of m?
4
Let w be 62/93 + 903/9. Let j be (12/5)/((-2)/(-50)). Let s = w - j. What is the units digit of s?
1
Suppose -11*f - 301 = -1401. What is the hundreds digit of f?
1
Suppose 5*r - 7 = -37. Let z = r - -137. Suppose -4*q = -5*g - z, 2*q = 2*g - 13 + 77. What is the units digit of q?
9
Suppose 2*g - h = 295, 2*g = -3*h + 236 + 47. Suppose u + 0 = 4*q + 81, 4*q + g = 2*u. What is the units digit of u?
5
Let x = 49 - -76. What is the units digit of x?
5
Suppose -90*w + 78*w = -6456. What is the units digit of w?
8
What is the units digit of (-1 + -8)*(-3130)/30 - 0?
9
Suppose -5*b + 599 = 3*f, f + 413 = 5*b - 194. What is the hundreds digit of b?
1
Let g(q) = -6*q + 25. Suppose -10*a - 141 = -21. What is the units digit of g(a)?
7
Let q = 10 + 315. Suppose -5*l = t - q, -5*l + 2*l + 172 = -4*t. Suppose 1 = z - 5*y, 0*z - 5*y = -4*z + l. What is the units digit of z?
1
Suppose -3*z = 2*b + 592, -2*z + 3*b - 212 = -z. Let p = z + 346. Suppose -p = -5*x + 29. What is the units digit of x?
5
What is the units digit of (-3 - -4 - 852)*(-1)/1?
1
What is the tens digit of (10 - (-5935)/(-10))*-6?
0
Suppose -q - f = 2*f - 19, -5*f = -q - 21. Suppose -k + 3*p = 7*p + 26, -p - 134 = q*k. Let w = k - -103. What is the tens digit of w?
6
Let q(s) = -s**2 + 6*s + 10. Let a be q(8). Let i be a/30 + (-529)/5. What is the units digit of (4/(-8))/(1/i)?
3
What is the units digit of (852 - 0)/1 - 31/(-31)?
3
What is the units digit of (-151)/5*(14 + (4 - 23))?
1
Let j = -132 - -130. Let i(d) = -28*d**3 + 7*d + 5. What is the tens digit of i(j)?
1
Let n(g) = -188*g + 1. Let k be n(-1). Let m = k - 100. What is the tens digit of m?
8
Let b(z) = -2*z**3 + 7*z**2 - 6*z + z**3 - 6 + 14. Let v be b(6). Let o = v - 1. What is the units digit of o?
7
Let y = -1924 - -1335. Let m = -401 - y. What is the tens digit of m?
8
Let n(d) = -13*d - 9. Let z(i) = -i**2 + 6*i + 1. Let p be z(7). What is the tens digit of n(p)?
6
Suppose 3*u = -12, 5*u = -4*m + 3*u + 556. What is the tens digit of m?
4
Suppose 786*z = 792*z - 16956. What is the tens digit of z?
2
Suppose 0 = 4*a + 2*y - 12296, y - 3076 = -0*a - a. What is the thousands digit of a?
3
Let l(h) = -h**3 - 18*h**2 + 30*h + 26. Let z be l(-20). Let w = z - 126. What is the hundreds digit of w?
1
Suppose -5*u + z - 1261 = -15, -u + z - 250 = 0. What is the tens digit of (3 - (-33)/(-9))/(2/u)?
8
Let l(w) = 37*w**3 - 10*w**2 + 8*w - 20. What is the units digit of l(4)?
0
Suppose 0 = -2*a + 84 + 176. Suppose 2*c + 2*j = a, 0 = -2*c - 3*c + 2*j + 311. What is the units digit of c?
3
Let h(a) = 439*